 when 4319 is divided by 30?
29
Calculate the remainder when 564 is divided by 24.
12
Calculate the remainder when 7795 is divided by 65.
60
Calculate the remainder when 744 is divided by 5.
4
What is the remainder when 36 is divided by 10?
6
What is the remainder when 1800 is divided by 45?
0
Calculate the remainder when 622 is divided by 26.
24
Calculate the remainder when 3336 is divided by 1105.
21
What is the remainder when 32 is divided by 19?
13
What is the remainder when 284 is divided by 13?
11
What is the remainder when 88 is divided by 28?
4
What is the remainder when 50 is divided by 47?
3
Calculate the remainder when 412 is divided by 23.
21
Calculate the remainder when 206 is divided by 146.
60
Calculate the remainder when 436 is divided by 16.
4
What is the remainder when 56 is divided by 11?
1
Calculate the remainder when 79 is divided by 70.
9
What is the remainder when 892 is divided by 148?
4
What is the remainder when 94 is divided by 49?
45
What is the remainder when 261 is divided by 258?
3
What is the remainder when 55 is divided by 6?
1
Calculate the remainder when 1964 is divided by 164.
160
Calculate the remainder when 303 is divided by 143.
17
What is the remainder when 2126 is divided by 708?
2
Calculate the remainder when 123 is divided by 25.
23
Calculate the remainder when 134 is divided by 47.
40
Calculate the remainder when 1783 is divided by 105.
103
What is the remainder when 14133 is divided by 67?
63
Calculate the remainder when 131 is divided by 8.
3
Calculate the remainder when 317 is divided by 11.
9
Calculate the remainder when 125 is divided by 21.
20
What is the remainder when 401 is divided by 133?
2
What is the remainder when 337 is divided by 38?
33
Calculate the remainder when 40 is divided by 14.
12
Calculate the remainder when 394 is divided by 246.
148
Calculate the remainder when 914 is divided by 300.
14
Calculate the remainder when 1918 is divided by 192.
190
Calculate the remainder when 1946 is divided by 115.
106
Calculate the remainder when 2434 is divided by 106.
102
What is the remainder when 4978 is divided by 4?
2
What is the remainder when 10149 is divided by 72?
69
What is the remainder when 1019 is divided by 11?
7
What is the remainder when 204 is divided by 50?
4
What is the remainder when 967 is divided by 471?
25
Calculate the remainder when 2943 is divided by 31.
29
What is the remainder when 1377 is divided by 681?
15
What is the remainder when 5978 is divided by 46?
44
What is the remainder when 193 is divided by 31?
7
What is the remainder when 1400 is divided by 13?
9
What is the remainder when 111 is divided by 29?
24
Calculate the remainder when 178 is divided by 37.
30
What is the remainder when 961 is divided by 315?
16
Calculate the remainder when 3660 is divided by 3.
0
What is the remainder when 412 is divided by 9?
7
Calculate the remainder when 934 is divided by 18.
16
Calculate the remainder when 29 is divided by 18.
11
Calculate the remainder when 1713 is divided by 143.
140
What is the remainder when 1708 is divided by 107?
103
Calculate the remainder when 1809 is divided by 48.
33
What is the remainder when 13907 is divided by 76?
75
Calculate the remainder when 83 is divided by 11.
6
What is the remainder when 877 is divided by 20?
17
What is the remainder when 258 is divided by 70?
48
What is the remainder when 259 is divided by 52?
51
Calculate the remainder when 3331 is divided by 3318.
13
What is the remainder when 1286 is divided by 428?
2
What is the remainder when 19892 is divided by 321?
311
What is the remainder when 125 is divided by 85?
40
Calculate the remainder when 61 is divided by 14.
5
What is the remainder when 541 is divided by 42?
37
What is the remainder when 497 is divided by 162?
11
What is the remainder when 68 is divided by 28?
12
What is the remainder when 926 is divided by 334?
258
What is the remainder when 153 is divided by 54?
45
What is the remainder when 860 is divided by 146?
130
Calculate the remainder when 2474 is divided by 248.
242
What is the remainder when 725 is divided by 9?
5
What is the remainder when 2163 is divided by 413?
98
Calculate the remainder when 533 is divided by 44.
5
What is the remainder when 3656 is divided by 28?
16
Calculate the remainder when 422 is divided by 109.
95
Calculate the remainder when 1584 is divided by 160.
144
Calculate the remainder when 9666 is divided by 11.
8
Calculate the remainder when 1194 is divided by 45.
24
What is the remainder when 519 is divided by 48?
39
Calculate the remainder when 410 is divided by 26.
20
What is the remainder when 2815 is divided by 30?
25
Calculate the remainder when 64 is divided by 34.
30
Calculate the remainder when 537 is divided by 34.
27
What is the remainder when 282 is divided by 27?
12
What is the remainder when 746 is divided by 68?
66
Calculate the remainder when 1647 is divided by 547.
6
What is the remainder when 4168 is divided by 10?
8
What is the remainder when 4094 is divided by 11?
2
What is the remainder when 774 is divided by 44?
26
What is the remainder when 336 is divided by 183?
153
What is the remainder when 658 is divided by 218?
4
What is the remainder when 3629 is divided by 20?
9
Calculate the remainder when 22285 is divided by 7.
4
What is the remainder when 81 is divided by 12?
9
What is the remainder when 1709 is divided by 29?
27
Calculate the remainder when 184 is divided by 60.
4
Calculate the remainder when 2923 is divided by 68.
67
Calculate the remainder when 329 is divided by 138.
53
Calculate the remainder when 326 is divided by 325.
1
What is the remainder when 400 is divided by 131?
7
What is the remainder when 140 is divided by 27?
5
Calculate the remainder when 205 is divided by 71.
63
What is the remainder when 939 is divided by 97?
66
Calculate the remainder when 400 is divided by 122.
34
Calculate the remainder when 457 is divided by 66.
61
What is the remainder when 436 is divided by 44?
40
What is the remainder when 156 is divided by 20?
16
Calculate the remainder when 163 is divided by 91.
72
What is the remainder when 11 is divided by 4?
3
Calculate the remainder when 2364 is divided by 169.
167
What is the remainder when 1070 is divided by 153?
152
What is the remainder when 1542 is divided by 42?
30
What is the remainder when 137 is divided by 22?
5
Calculate the remainder when 3836 is divided by 957.
8
What is the remainder when 469 is divided by 57?
13
Calculate the remainder when 51 is divided by 26.
25
What is the remainder when 5117 is divided by 16?
13
What is the remainder when 256 is divided by 133?
123
What is the remainder when 82 is divided by 16?
2
Calculate the remainder when 6241 is divided by 37.
25
Calculate the remainder when 3037 is divided by 117.
112
Calculate the remainder when 271 is divided by 17.
16
Calculate the remainder when 169 is divided by 34.
33
Calculate the remainder when 553 is divided by 181.
10
What is the remainder when 810 is divided by 116?
114
What is the remainder when 3177 is divided by 122?
5
What is the remainder when 211 is divided by 105?
1
What is the remainder when 46 is divided by 12?
10
Calculate the remainder when 264 is divided by 81.
21
Calculate the remainder when 3199 is divided by 8.
7
What is the remainder when 139 is divided by 3?
1
Calculate the remainder when 30 is divided by 11.
8
What is the remainder when 1153 is divided by 71?
17
Calculate the remainder when 289 is divided by 74.
67
Calculate the remainder when 49 is divided by 21.
7
What is the remainder when 2313 is divided by 766?
15
Calculate the remainder when 109 is divided by 9.
1
What is the remainder when 35300 is divided by 21?
20
Calculate the remainder when 140 is divided by 18.
14
Calculate the remainder when 319 is divided by 16.
15
Calculate the remainder when 1852 is divided by 307.
10
Calculate the remainder when 485 is divided by 61.
58
What is the remainder when 479 is divided by 138?
65
Calculate the remainder when 25 is divided by 12.
1
What is the remainder when 72 is divided by 12?
0
What is the remainder when 174 is divided by 16?
14
Calculate the remainder when 1133 is divided by 54.
53
What is the remainder when 50 is divided by 29?
21
What is the remainder 